04110133
In base 9, what is -27165472 - -4?
-27165467
In base 6, what is 244244 + -2130?
242114
In base 14, what is 177 + 52cc31?
52cda8
In base 5, what is -102 + 340000211?
340000104
In base 5, what is -4223103 - -23?
-4223030
In base 14, what is -16401a0 + -65?
-1640225
In base 8, what is 4 - -124361334?
124361340
In base 12, what is -5 + -a84320?
-a84325
In base 9, what is 370 - -2072432?
2072812
In base 12, what is 5b - -46615?
46674
In base 15, what is -5 + 1ad60968?
1ad60963
In base 9, what is -1030853 - 3?
-1030856
In base 13, what is 411c45 - 27?
411c1b
In base 11, what is -2392 + a4a?
-1443
In base 13, what is -3320 + 170?
-3180
In base 10, what is -566801 + -1114?
-567915
In base 4, what is 130330 + 21320220?
22111210
In base 9, what is 323016 - -783?
323810
In base 15, what is 6c88 + -2e3?
6995
In base 10, what is 8 + -5011860?
-5011852
In base 8, what is 4 + 17431770?
17431774
In base 8, what is -51210 - 54?
-51264
In base 3, what is 1010101 + -121012101?
-120002000
In base 2, what is -100111 + -1001110011001000010100000?
-1001110011001000011000111
In base 8, what is 30057 + -7710?
20147
In base 10, what is 2 + -2068692?
-2068690
In base 2, what is -1110001010111 - -11010011100111111?
11000101011101000
In base 12, what is 3 + -52178006?
-52178003
In base 2, what is 1010000111111000001 + 1111?
1010000111111010000
In base 10, what is 2376 - -16931?
19307
In base 14, what is -8 + 2a0ccd?
2a0cc5
In base 13, what is 7c93558c + 0?
7c93558c
In base 15, what is -11ba - 12783?
-1394d
In base 3, what is 10002220002101 + -12?
10002220002012
In base 9, what is 720 + 42253?
43073
In base 8, what is 20660 + 3454?
24334
In base 15, what is -a3e6e3 - 4?
-a3e6e7
In base 9, what is 178727080 - 11?
178727068
In base 13, what is 6 + 938b43?
938b49
In base 13, what is -283758c + -4?
-2837593
In base 15, what is 8 - -675a4?
675ac
In base 3, what is -210200012210 - -212210?
-210122100000
In base 5, what is 3 + -1320323224?
-1320323221
In base 8, what is 2344416 + 12?
2344430
In base 6, what is -2 - -31222435003?
31222435001
In base 9, what is 4 + 365515834?
365515838
In base 11, what is 57 + -7240?
-7194
In base 10, what is 9211353 + 37?
9211390
In base 12, what is 40b7699 + -1?
40b7698
In base 13, what is -4 - -187725?
187721
In base 7, what is -66 + -352161?
-352260
In base 2, what is 100 + -1000011011110000100011?
-1000011011110000011111
In base 7, what is 23 - 126523626?
-126523603
In base 4, what is 1233021011 + -123?
1233020222
In base 13, what is -3 + 7104a47?
7104a44
In base 8, what is 4351742 + 5?
4351747
In base 7, what is 23 - 1644645432?
-1644645406
In base 13, what is -21735 + -1c68?
-236a0
In base 3, what is 2021221001 - 1022200?
2020121101
In base 4, what is -112 - 121302001020?
-121302001132
In base 11, what is 368 - -26864?
27121
In base 2, what is -1000000110000 - 1010010010?
-1001011000010
In base 12, what is 34735b5 - -37?
3473630
In base 6, what is -32305444 + -3?
-32305451
In base 15, what is -2 - -31e1e1?
31e1de
In base 5, what is -104300 - 33314?
-143114
In base 15, what is -a561661 + -4?
-a561665
In base 6, what is 4140 - 1515502?
-1511322
In base 16, what is 184e2747 + -2?
184e2745
In base 7, what is 663650 - -3645?
1000625
In base 8, what is -35 - -314310?
314253
In base 15, what is -b + 301727?
30171b
In base 4, what is 3 - -130331313130?
130331313133
In base 11, what is 2 + -47603155?
-47603153
In base 6, what is 2504422 + 254?
2505120
In base 5, what is -11404034440 + -4?
-11404034444
In base 3, what is 2 + -110111210002221?
-110111210002212
In base 14, what is 77 + -5938?
-58a1
In base 13, what is 3b4 - -131690?
131a74
In base 8, what is -13555374 - -1?
-13555373
In base 11, what is -4 + 5912262?
5912259
In base 13, what is 316 + 87bc6?
8820c
In base 8, what is 167226 - -2557?
172005
In base 2, what is -101111 + -100010110110110100?
-100010110111100011
In base 15, what is 7d7 + -3a4c?
-3265
In base 13, what is -b2bc018 + 1?
-b2bc017
In base 2, what is 100111100101 - -10000000011000110?
10000101010101011
In base 12, what is -6111 + -239?
-634a
In base 2, what is -1001001110001 + -101011101110000001?
-101100110111110010
In base 12, what is 12b43 - -3125?
16068
In base 7, what is -11642 - -1241136?
1226164
In base 16, what is 1290 - -5651?
68e1
In base 14, what is 2 + 145aa4ba?
145aa4bc
In base 12, what is -10a4b43 + -93?
-10a5016
In base 4, what is -103313033110 - 113?
-103313033223
In base 6, what is 144013004 + -4?
144013000
In base 9, what is 14317631 + -7?
14317623
In base 11, what is 563 - -292aa5?
293558
In base 15, what is -279 + -29184?
-2940d
In base 9, what is 3 + 1003442?
1003445
In base 2, what is 100011000010011000011101 - -100?
100011000010011000100001
In base 9, what is -24 + -44182?
-44216
In base 10, what is 37420777 - -2?
37420779
In base 4, what is -201133001 + 232?
-201132103
In base 14, what is 284b5 + 2b1?
28786
In base 12, what is -17a99053 - -2?
-17a99051
In base 11, what is -64148 + 11?
-64137
In base 8, what is 7334454 + 311?
7334765
In base 10, what is 151 + -172046?
-171895
In base 7, what is 32 + -11015122?
-11015060
In base 2, what is -1010100110000110 + 11110010100110?
-110110011100000
In base 7, what is -30524216116 - -3?
-30524216113
In base 5, what is -101123310 - 104?
-101123414
In base 12, what is 1 - -8a4b51?
8a4b52
In base 6, what is -1404 + -241055?
-242503
In base 13, what is 1 + -338632cc?
-338632cb
In base 8, what is -142 + -50120126?
-50120270
In base 9, what is -1048206 - -64?
-1048132
In base 11, what is 19 + 35929?
35947
In base 3, what is -10102111 - 100021211?
-110201022
In base 2, what is -1111110100111011100 + -11000?
-1111110100111110100
In base 11, what is 5 + 16493a3?
16493a8
In base 2, what is -100000110 + -100100001000111100111?
-100100001001011101101
In base 12, what is 2 + -1417b9?
-1417b7
In base 5, what is 241120004430 - 0?
241120004430
In base 7, what is 13163 - -216254?
232450
In base 11, what is 71929 + -993?
70a46
In base 15, what is -303 + -d701?
-da04
In base 7, what is 155665153 + 3?
155665156
In base 12, what is 73479922 + -3?
7347991b
In base 12, what is bb9 - -1b2113?
1b3110
In base 11, what is 3283 - 373?
2a10
In base 10, what is 21 - 142517?
-142496
In base 15, what is -2c6e7 + -4?
-2c6eb
In base 11, what is 457860a + 2?
4578611
In base 2, what is 1100100010001 - -111011111?
1101011110000
In base 14, what is 3 + -47bb17?
-47bb14
In base 15, what is 1 - 1d8ec4a?
-1d8ec49
In base 11, what is 10140 + 743a?
1757a
In base 8, what is -1526 - -351042?
347314
In base 12, what is -637 + 392286?
39184b
In base 13, what is -b92 - 13b98?
-14a5a
In base 9, what is 117823 + -1067?
116745
In base 7, what is -2520543425 - -4?
-2520543421
In base 9, what is -506315 + 40?
-506265
In base 7, what is 16 + 40552542?
40552561
In base 10, what is -468759596 + 5?
-468759591
In base 9, what is 22332 + 116750?
140182
In base 14, what is 30 - -11a665?
11a695
In base 2, what is -1100010101110011110 - 1111010?
-1100010110000011000
In base 13, what is 92 + -1716b?
-170a9
In base 3, what is -1020200 - -10100202?
2010002
In base 10, what is 3033 - 2353?
680
In base 2, what is -1000000100110000010010001 + -1001?
-1000000100110000010011010
In base 4, what is -2003230 - -213133?
-1130031
In base 13, what is 13cc - 1320?
ac
In base 11, what is -3104 + -9a?
-31a3
In base 7, what is -10215 - -151?
-10034
In base 6, what is -34 - 12212141?
-12212215
In base 9, what is 10113266 - 4?
10113262
In base 16, what is -910 + 13b6?
aa6
In base 14, what is -3b9a8a9 + 8?
-3b9a8a1
In base 7, what is -135321 - 3260?
-141611
In base 15, what is 33b78d + -4e?
33b73e
In base 12, what is 655b55b8 - 1?
655b55b7
In base 6, what is -1040441 - 5420?
-1050301
In base 3, what is 11020 - 1122101001?
-1122012211
In base 5, what is -112 - 20030042?
-20030204
In base 12, what is -a155a + -719?
-a2077
In base 4, what is -31023102230 - -1?
-31023102223
In base 9, what is 1305332 - 6?
1305325
In base 13, what is -1b1158 - 45?
-1b11a0
In base 8, what is -1010 + 25166?
24156
In base 9, what is 0 - 2676021?
-2676021
In base 12, what is 1a4 + -52971?
-52789
In base 11, what is -19 + 224528?
22450a
In base 2, what is 10010111111000001101 + 1100?
10010111111000011001
In base 5, what is -2330111441243 - 10?
-2330111441303
In 